 -5*o - 86 + 521. Calculate the greatest common factor of 46 and o.
46
Let o(m) = -m**2 + 64*m + 289. Let t be o(64). Calculate the greatest common divisor of t and 34.
17
Let r = 5998 - 5383. What is the highest common divisor of 164 and r?
41
Let b be 4770/(-6 - -16) - 6/(-2). Suppose -b = 37*k - 40*k. What is the highest common factor of k and 128?
32
Suppose 8 = 5*d - d. Suppose 0 = 5*b + 162 - 172. Suppose 0 = -b*t + 2, 4*t = d*r + 3*t - 107. What is the highest common divisor of r and 432?
54
Let a(x) = x**2 + 25*x - 288. Let l be a(11). What is the greatest common factor of 1536 and l?
12
Suppose n = -3*n + 356. Suppose 45*o + 271039 = 339124. What is the greatest common divisor of o and n?
89
Suppose 43 = y - 6*y + h, 2 = -y - 2*h. Let c be (-3)/2 - 300/y. Suppose 4*g + 73 = 2*j + 17, 13 = j + g. Calculate the highest common divisor of c and j.
18
Let i be 4 - (-312 + 1 - (104 - 100)). Calculate the greatest common factor of 1247 and i.
29
Let r(m) = m**3 - 17*m**2 - 18*m - 615. Let z be r(20). What is the highest common factor of z and 720?
45
Let i be -10*9*(-280)/75. What is the highest common factor of 2100 and i?
84
Let s = 920 - 782. What is the highest common factor of s and 368?
46
Let j = -1288 + 1312. What is the greatest common factor of j and 70?
2
Suppose -3*c - 105809 = -47*c - 24585. Calculate the greatest common factor of 710 and c.
142
Let s = -25 - -27. Suppose y + 20 = s*x, 2*y - 5*y = -4*x + 50. Let g be 2*4/((-8)/y). Calculate the greatest common divisor of 110 and g.
10
Suppose -67*k = -62*k + 200. Let n be (-1)/(-5) + k/(-50). What is the highest common factor of 61 and n?
1
Let p(l) = l**2 + 3*l + 4. Let f be p(-4). Let n(t) = -2*t + 25. Let h be n(f). What is the greatest common divisor of 39 and h?
3
Suppose 120*a - 124*a - 700 = 0. Let h = 181 + a. Calculate the greatest common divisor of 6 and h.
6
Let f be (7 + -2)/(-6 - 56/(-8)). Calculate the highest common factor of 665 and f.
5
Suppose -1319 + 1274 = -5*z - 5*h, 5*z + h - 77 = 0. Let s be (-239)/(-2) - (-1)/(-2). What is the highest common divisor of z and s?
17
Let o(s) = -8*s + 2. Let c be o(0). Suppose 5*g = 3*g + c. Let k be g/6 - 82/(-12). Calculate the greatest common factor of k and 14.
7
Suppose 5*q = -6*m + 4*m + 73, -4*m = 4*q - 68. Suppose r + 5*l = 3*r - 1424, -4*r - 2*l + 2800 = 0. Calculate the highest common factor of r and q.
13
Let z(c) be the second derivative of 17*c**5/20 - c**4/6 + c**3/3 - c**2 + 2*c + 76. Let r be z(1). Calculate the highest common divisor of r and 75.
15
Let v be (-253)/(-2)*(-2 + 4). Suppose -112*q + 86 = -138. Suppose -x - x + 166 = q*n, 3*n + x - v = 0. What is the highest common factor of 34 and n?
17
Suppose -93 + 243 = 4*u - 2*n, 2*n = 3*u - 111. Calculate the greatest common factor of u and 81.
3
Let i be 5/(12 - 32)*-88. Calculate the greatest common divisor of i and 9658.
22
Suppose 110 + 46 = 3*g. Let x = g - -135. What is the greatest common divisor of 17 and x?
17
Let d(f) be the first derivative of 6*f**2 - 32*f - 1. Let n be d(5). Let g be 6/(-15) - (-37)/5. What is the highest common factor of g and n?
7
Let y be (-1380)/84 - 8/14. Let l be -4 + 5 + 2*y/(-2). Let f be (-3 + 2 + -2)*-15. What is the greatest common factor of l and f?
9
Let h(z) = z**2 - 16*z - 364. Let n be h(30). What is the greatest common factor of n and 34?
2
Suppose -33*y - 1190 + 5876 = 0. Calculate the greatest common factor of y and 2.
2
Suppose 9*p - 1419 = 2381 + 3454. Calculate the greatest common factor of p and 4.
2
Suppose 10*x + 34 = 84. Let i be 50/(-20)*2/x. Let t be -1 - -26 - (-9 - -7)*i. What is the highest common factor of t and 46?
23
Let u be ((-3)/9)/(11/(-2772)*2). Let b(a) = a**3 + 6*a**2 + 5*a + 2. Let j be b(-5). Let l be (j/4)/(7/588). Calculate the highest common factor of u and l.
42
Let m = 1887 + -1744. What is the greatest common divisor of 1001 and m?
143
Let n = -109 + 124. Suppose -n*y + 2800 = 5*y. What is the greatest common factor of 50 and y?
10
Let t(k) = k**3 + 9*k**2 + 5*k + 39. Let u be t(-9). Let r be (u - (-91)/14)/((-3)/(-576)). Calculate the greatest common divisor of 12 and r.
12
Suppose 4*v + 2*m - 502 = 0, -3*m + 511 - 2 = 4*v. What is the highest common factor of v and 5734?
122
Let t = -3564 + 6000. Calculate the greatest common factor of t and 336.
84
Suppose m + 233 = 5*f, 0 = -3*f + 3*m + 223 - 64. Suppose -5*g + 15 = -2*g. What is the highest common factor of g and f?
5
Let t(c) = 83*c**2 + 156*c - 158. Let i be t(1). Calculate the highest common divisor of i and 576.
9
Suppose 0 = 5*m, -j + 5*m + 9 + 3 = 0. Let y = j + 93. Suppose 0*g - 5*g = -y. What is the greatest common divisor of g and 3?
3
Let a(t) = 30*t - 10. Let h be a(5). Suppose 5*y = 346 - 66. What is the greatest common divisor of h and y?
28
Let i = 0 + 0. Let a be (-20)/2*(-78)/195. Suppose 0*o - 3*l + 33 = 3*o, i = -o + a*l + 6. What is the greatest common divisor of o and 30?
10
Suppose 4*z - 408 = -3*l - 0*l, 3*z - 408 = -3*l. What is the highest common divisor of 4692 and l?
68
Suppose -2*y + 4*b = 49 + 535, 2*b = 3*y + 892. Let u be y/(-15)*(-5)/(-4). Let n be -16*1*u/(-20). What is the greatest common divisor of 20 and n?
20
Suppose 3*k - 38366 = -2*g, -3*k + 76744 = -0*g + 4*g. Suppose g = 12*f + 2773. What is the highest common divisor of f and 72?
72
Let l = -162 + 32. Let d be (-98)/(-10) + (-26)/l. Calculate the highest common divisor of 50 and d.
10
Let q be 5 + (-2)/3*3. Suppose -q*d - 2*d = -15. Let f be d*(-10)/(-25)*15/1. What is the highest common divisor of f and 9?
9
Let h(n) = -3*n + 13. Let c be h(2). Let v(s) = s**3 - 4*s**2 + 5*s + 10. Let b be v(6). What is the greatest common divisor of c and b?
7
Suppose 8786 = 2*d + 2*x, 0*x = -d - 2*x + 4396. Calculate the greatest common factor of 10 and d.
10
Suppose -x + 65 = 4*x. Let d be 48/176 + (-5106)/(-33). Suppose o - d = -153. Calculate the highest common divisor of x and o.
1
Suppose i = y - 286, 3*i - 562 = 24*y - 26*y. What is the highest common divisor of y and 6106?
142
Let b be 3 + 148 + (-32)/(-8). Suppose 0 = -12*c + 70 - 10. Calculate the greatest common factor of b and c.
5
Let x(a) = -3*a**3 + 11*a**2 + 10. Let h be x(7). Let b be ((-3)/2)/(10/h). What is the highest common divisor of b and 126?
18
Let a(n) = -n + 16. Let h be a(11). Suppose -2*x + 14 = 4*i, -h*i = -2*i + 5*x - 14. Calculate the highest common divisor of i and 27.
3
Suppose 4*p + 5*i - 219 = 0, 3*p - 101 - 72 = -5*i. Let h = 234 + 19. Calculate the highest common factor of p and h.
23
Suppose 41*n - 38*n = x + 3065, -5*x = 2*n - 2015. Calculate the greatest common factor of n and 50.
10
Suppose 51 = 3*x - 3*z - 15, 0 = x + 4*z - 32. Suppose -5*s + l - 2 = 5, 2*s = -5*l - 19. Let d be -16*6/16*s. Calculate the greatest common factor of x and d.
12
Suppose 2*u + s = 25612, 60*u + 51182 = 64*u - 5*s. What is the highest common factor of u and 217?
217
Suppose -2806 = -4*q + 3*v + 2081, 2*v = q - 1218. Suppose q = 40*s - 22*s. Calculate the greatest common factor of 85 and s.
17
Let s be (-6 - (-1 + -1))*(-18312)/32. What is the greatest common divisor of 21 and s?
21
Let f = -38 + 28. Let s(g) = g**2 - g - 30. Let q be s(f). Calculate the greatest common divisor of q and 40.
40
Suppose 124*l - 94991 = 512113. Calculate the greatest common divisor of l and 576.
288
Let t(d) = 200*d - 9. Let b(z) = 67*z - 3. Let y = 35 + -33. Let a(k) = y*t(k) - 7*b(k). Let n be a(-1). Calculate the greatest common divisor of n and 9.
9
Let y(t) = -2*t**2 - 13*t - 11. Let h be y(-6). Let n be h*((-108)/20 + 4). Calculate the greatest common divisor of 7 and n.
7
Suppose -10629 = 16*d + 4251. Let n = -816 - d. Calculate the greatest common factor of 6 and n.
6
Suppose -22 - 22 = -4*n. Let x be (-8)/40*(9 + -9). Suppose -4*y - 26*f + 30*f = -400, -5*y + 2*f + 497 = x. Calculate the greatest common factor of n and y.
11
Let f be (-17 + (-103)/(-5))/(9/120). What is the highest common factor of f and 948?
12
Let y(n) be the second derivative of n**5/20 - n**4 + 11*n**2/2 - n. Let d be y(13). Suppose -16 = -2*j + 24. What is the highest common divisor of j and d?
20
Let a(c) = -c**3 + 19*c**2 + c - 6. Let y be a(19). Let f = 88 - -81. What is the highest common divisor of y and f?
1